he greatest common divisor of 5 and u?
5
Suppose 5*h - 878 = 442. Calculate the greatest common divisor of 33 and h.
33
Suppose -10*z + 4*z = 336. Let q = z + 86. Calculate the highest common divisor of q and 12.
6
Suppose 0 = 3*u - 190 - 140. Suppose -5*n = 3 + 57. Let b be (n/(-8))/(6/40). Calculate the highest common divisor of b and u.
10
Let v(j) = 4*j**2 - j + 1. Let q be v(-3). Calculate the highest common divisor of q and 5.
5
Suppose -4*p - 1068 = 216. Let t = p + 468. Calculate the greatest common factor of t and 21.
21
Suppose -2*z + 58 = 4*o + 2, 3*o + 2*z - 40 = 0. Let y(t) = -t**2 + 8*t + 4. Let v be y(6). What is the highest common divisor of v and o?
16
Let m = -84 + 147. What is the greatest common divisor of m and 3?
3
Let j be -4 + (-2 + -42)/(-4). What is the greatest common factor of 56 and j?
7
Let t(u) = 3*u**3 - 2*u**2 - u - 2. Let n(c) = -c**2 - 2*c + 7. Let k be n(-3). Let z be t(k). Calculate the highest common factor of z and 14.
14
Let n(b) = 4*b - 15. Let m be n(7). Suppose 8 = -3*j - 4. Let k be 275/3 + j/6. Calculate the greatest common factor of k and m.
13
Let c = 93 - 64. Suppose -22 - c = -3*p. Calculate the greatest common divisor of p and 17.
17
Let w be 4/(-14) - 3009/(-21). Let p be 2/(1*6/39). What is the highest common divisor of p and w?
13
Let n(k) = -2*k**3 - 4*k**2 - k + 2. Let z be n(-2). Suppose z*d = d + 30. What is the highest common factor of d and 10?
10
Let s(k) = -k**2 + 13*k - 13. Let t be s(9). Let i = 291 - 138. Suppose 2*y - 429 = -i. What is the greatest common factor of t and y?
23
Suppose -3*x = -76 + 16. What is the highest common divisor of 50 and x?
10
Suppose 13 = -2*x + 173. Let b be (-1 + 0)*-3*3. Let w be 150/b + (-2)/3. What is the highest common factor of x and w?
16
Let g = 3 + 8. Let n be 1/(76/(-77) - -1). What is the highest common factor of n and g?
11
Let z(x) = -x**3 + 4*x**2 + 6*x - 1. Let m be z(4). Let h = 21 + m. What is the greatest common divisor of h and 4?
4
Suppose g - 2 = 2. What is the highest common divisor of g and 32?
4
Suppose 5*z + 34 = 7*z. Let s be (12/10)/((-3)/(-340)). Calculate the highest common factor of z and s.
17
Suppose 4*l + m = 0, 3*l + 0*m - 11 = 2*m. Calculate the greatest common divisor of 3 and l.
1
Let h be -6 + 4 - -1*8. Suppose 2*d - h = -0*d. What is the greatest common divisor of 15 and d?
3
Let o(a) = a**3 - 9*a**2 - 9*a + 5. Let x be o(10). Calculate the greatest common divisor of 3 and x.
3
Suppose -14 = -4*j - 6. Let d = 16 - j. Let k = 70 + -49. Calculate the greatest common divisor of k and d.
7
Let t be -43 - 1*(0 - 1). Let z be t/(-35)*(-80)/(-3). Calculate the greatest common divisor of 8 and z.
8
Let d = 14 - -8. Suppose 0 = -3*w + 4 + 2. Let k be (-2)/(-3)*33/w. What is the greatest common divisor of k and d?
11
Let d = 28 - 43. Suppose 5*w = -22 + 152. Let m = w + d. Calculate the highest common divisor of 33 and m.
11
Let b(t) = -11*t - 4. Let p(u) = u - 2. Let g be p(-2). Let l be b(g). What is the greatest common divisor of 100 and l?
20
Let v be 1/3 - (-105)/9. Suppose -6*o - 4*o + 80 = 0. What is the highest common divisor of v and o?
4
Let v be (-7)/(-2) - (-9)/18. Suppose -8 = v*f - 20. Suppose 2*m = -f*m + 55. Calculate the highest common divisor of 33 and m.
11
Suppose 4*o - 52 = 2*i - 4*i, -5*o = -3*i - 54. Let x(w) = -2*w**3 - 3*w**2 + 4*w + 3. Let n be x(-3). Calculate the highest common divisor of o and n.
6
Suppose -4 = -z - 2. Let a be (z/5)/(3/90). What is the highest common factor of 60 and a?
12
Suppose -5*i + 35 = -925. Calculate the greatest common divisor of 24 and i.
24
Let y be (-8)/((6/(-22))/3). Suppose 0 = -h + u - 6, -3*u = 2*u - 20. Let c be 6/(-3)*8/h. What is the greatest common divisor of y and c?
8
Let p be (-4 - -7) + (2 - 1). Calculate the greatest common factor of 36 and p.
4
Let f(v) = 0 - v**3 + 5 + 5*v - 1. Let q be f(-3). Let x(r) = -4*r. Let u be x(-1). What is the highest common divisor of q and u?
4
Let i be (52/10)/(6/15). What is the highest common divisor of 39 and i?
13
Suppose -2*k = 5*o - 60, 1 = 2*o - 5*k + 6. What is the highest common divisor of o and 15?
5
Let j be 4 - 23*(-4)/4. Calculate the greatest common factor of 18 and j.
9
Suppose 2*o - 4 - 4 = 0. Let s(h) = 2*h**2 + 17*h - 24. Let g be s(-10). What is the greatest common divisor of o and g?
2
Let o be (3 - (-1)/1) + 3. Suppose -4*w + 0*w = 0. Let b be 2 + w/3 - 1. Calculate the greatest common factor of b and o.
1
Suppose 18 = -k + 4*k. Let j be (-2)/4 + 4/8. Let b be 2 + 0 - (-1 + j). What is the greatest common factor of k and b?
3
Suppose 2*c + v - 3 - 8 = 0, 5*v = 3*c + 3. Let i be 17/c + 1/(-4). Suppose 0*q - 200 = -i*q. Calculate the greatest common divisor of q and 125.
25
Let z(f) = 33*f**3 + f**2 - f + 1. Let o be z(1). Let m be 152/3 + 1/3. Calculate the greatest common factor of o and m.
17
Let l(m) = -m**3 + 10*m**2 + 3. Let d be l(10). Suppose -9 = -d*x + 39. What is the greatest common divisor of x and 176?
16
Suppose -l = 2*a - 4, a + 1 = -3*l + l. Let j = 3 - l. What is the highest common divisor of 5 and j?
5
Let j(t) = -t**2 + 10*t - 11. Let z be j(5). Let o be (-674)/(-4) + (-2)/4. Suppose -2*i + o = i. Calculate the highest common factor of i and z.
14
Suppose 0 = -6*j + 5*j + 128. Let s be j/24 + 4/6. What is the highest common divisor of s and 54?
6
Let i = 42 + -21. Let s = -31 - -73. Calculate the greatest common factor of i and s.
21
Let y be 5 + 2/3*-3. Let j = 37 - 23. Suppose -y*f = -49 - j. What is the greatest common factor of f and 7?
7
Let d(g) = g**3 - 8*g**2 - 10*g + 11. Let y be d(9). Suppose 0 = -y*s + 6*u - u + 91, 199 = 5*s - 3*u. What is the greatest common factor of s and 19?
19
Suppose -2*n - 11 = 4*o - 31, -40 = -5*o + 5*n. Suppose f + 1 = o. Suppose f*q = -0*q + 150. Calculate the highest common divisor of q and 75.
15
Suppose -3*x + 17 = -13. Let g = x - 8. Suppose g*c - 34 = -2*j, -5*j - 2*c + 83 + 2 = 0. Calculate the greatest common divisor of j and 85.
17
Let m = 34 + -17. What is the highest common factor of 119 and m?
17
Suppose 4*l - 2*q = 10, -3*l + 3 + 6 = -3*q. Let z be (-4)/(2*l/(-12)). Calculate the greatest common divisor of 96 and z.
12
Suppose 2 = l + 2*t - 1, 2*l - 4*t - 14 = 0. Suppose 2*i + v - 51 = -3*i, -l*v = 5*i - 35. Calculate the highest common divisor of 88 and i.
11
Suppose 3*i + 3*f = 0, -3*f = f + 16. Let r be (-2)/i - (-242)/4. Suppose t - 15 = -0. What is the greatest common factor of r and t?
15
Suppose 0 = 2*h + 14 - 98. Calculate the highest common factor of h and 63.
21
Suppose -3 = -3*t + 9. Suppose 0*m + 2*m = 32. What is the highest common factor of m and t?
4
Let x(f) = 19*f**2 + 1. Let y be x(-1). Suppose 4*p + 5 = 25. Suppose -p = 3*j - y. Calculate the highest common factor of j and 25.
5
Let u = -5 - -8. Let r be 9/u + 0 + 2. Calculate the greatest common factor of 25 and r.
5
Suppose 0 = 5*b + 2*j - 4*j + 7, 5*j = -b + 4. Let d(k) = -13*k + 2. Let h be d(b). What is the highest common factor of 120 and h?
15
Let b = 69 + -48. Suppose w - h = 468, 1872 = 4*w - h + 6*h. Suppose 0 = 3*d + 3*s - 699, 4*s - s = -2*d + w. Calculate the greatest common divisor of b and d.
21
Let g be (0 + 2)/(5/(-6))*-5. What is the greatest common divisor of 60 and g?
12
Let s = -43 - -97. Let w(y) = -y**2 + 12*y - 9. Let v = 11 + -2. Let x be w(v). What is the highest common factor of s and x?
18
Let u = -106 - -122. Calculate the highest common factor of 24 and u.
8
Suppose -2*i + i + 4 = 0. Let z(w) = 4*w - 1. Let h be z(-1). Let s = h - -6. Calculate the greatest common factor of s and i.
1
Let r = 170 + -167. What is the greatest common divisor of 12 and r?
3
Let s(v) = -v**3 + 4*v + 8. Let n be s(-2). Calculate the greatest common factor of n and 24.
8
Let n(u) = -u + 8. Let m be (1/(-1) - -2) + -1. Let c be n(m). Let x be 75 - (-5)/((-25)/15). Calculate the greatest common factor of c and x.
8
Let i(y) be the first derivative of -y**4/4 + 4*y**3 - 6*y**2 - 14*y + 2. Let t be i(10). Calculate the greatest common factor of t and 44.
22
Let f be (-5)/(-7) + (-4)/(-14). Let w be -13*(-2)/f - -2. Suppose k - 3*q - 10 = -9, -5*q + 31 = 3*k. What is the greatest common factor of k and w?
7
Let d = 20 - 23. Let m be 2 - -2 - (-6 - d). Calcula